of j(-11).
31
Suppose 4*s + 3*b = -2 + 10, 0 = b. List the prime factors of (-49 - s)*(-8 - -5).
3, 17
Suppose 22440*j + 141270 = 22457*j. What are the prime factors of j?
2, 3, 5, 277
Let j = -64 - -114. List the prime factors of 1276/10 - (-10)/j*2.
2
Let k be (-4)/(-18) - 6*(-5)/(-135). Suppose -437 - 191 = -3*n + 4*h, k = h - 5. What are the prime factors of n?
2, 3
Let q(r) = 19*r - 11. Let j(z) = z + 1. Let x be j(11). Let k be q(x). Let a = 406 - k. What are the prime factors of a?
3, 7
Suppose -6*k - 6 = 66. Let c be (-2)/(-3)*(-774)/k. Suppose c = 4*s - 5*a, -15 = 4*s + 5*a - 68. List the prime factors of s.
2, 3
Let z(s) = 79*s - 29. Let g(t) = -79*t + 31. Let a(o) = 5*g(o) + 6*z(o). What are the prime factors of a(12)?
929
Let j be (-31)/(-11) + (-6)/(-33). Suppose 4*w + 203 = -j*w. Let m = 79 + w. List the prime factors of m.
2, 5
Let o be (-2)/8*(5 + (-10 - -1)). Suppose 6*d = o + 11. What are the prime factors of d?
2
Let c be (-1)/(1/17) - (3 + -5). Let a be ((-10)/c)/(8/2748). Suppose 5*g - 521 = a. What are the prime factors of g?
2, 3, 5
Suppose -21*i + 12 = -17*i. Suppose 2*h + 2*h = -i*k - 4, -2*k = 2*h + 2. What are the prime factors of h/(-4) - ((-62135)/20)/17?
3, 61
Suppose -3*y - 24 = -4*k + 43, -5*y - 5*k = 65. Let b be (y + 2)*11/(99/1050). List the prime factors of (-1)/(-4*1) + b/(-40).
2, 11
Suppose 5*s = x - 0*s - 19, -4*x + 2*s = -58. Let q = 57 + x. What are the prime factors of q?
71
Suppose 12525 = -29*a + 32*a. Suppose -58*d + a = -53*d. List the prime factors of d.
5, 167
Suppose m = 249*j - 250*j + 7670, m = 5*j - 38386. List the prime factors of j.
2, 19, 101
Suppose -4*z - x - 3*x - 12 = 0, -5*z - 2*x - 12 = 0. Let p = 3 - z. Suppose p*i + 301 = q + 3*q, 5*q = 5*i + 380. What are the prime factors of q?
79
Let n = 968 - 655. Suppose -2*j = -n - 605. What are the prime factors of j?
3, 17
Let w = 164 + 37. Let j = -121 + w. Let r = -41 + j. List the prime factors of r.
3, 13
Let m be 1/4 + 211/4. Suppose 77*o - 87*o = -570. Suppose o*j - m*j - 176 = 0. What are the prime factors of j?
2, 11
Let n(o) = 114*o**3 + o**2 + o - 1. Let a be n(1). Let k = 167 - a. List the prime factors of -12*1*k/(-6).
2, 13
Suppose -3*d + 189 = 3*f, -4*d = -17*f + 18*f - 75. Suppose 0 = 51*m - f*m + 6416. List the prime factors of m.
2, 401
Let l be (-1)/(-5) + 2/(-20)*212. Let w = -73 - -41. Let v = l - w. List the prime factors of v.
11
Suppose 11*r - 122111 + 17270 = 0. List the prime factors of r.
3, 353
Let w(t) = t**3 - 58*t**2 + 1174*t + 109. What are the prime factors of w(53)?
2, 7, 3449
Let s be 1*-5*-5*(-2)/10. Let w be 12/7 - s*10/175. Suppose -w*f + 94 = -114. What are the prime factors of f?
2, 13
Let g be -3*(0 - 1)*(-53)/(-159). Let f(q) = 39*q**2 + 4*q - 3. List the prime factors of f(g).
2, 5
Suppose -2*y + 7*y - 5*b + 15 = 0, 2*y + b - 6 = 0. Let o be (-2649)/12 - 3 - y/4. Let s = 328 + o. List the prime factors of s.
2, 13
Let o be 4 - 2*20/(-8). Suppose -o*y + 991 = -3527. What are the prime factors of y?
2, 251
Let t be ((-3)/2)/((-14)/28). Suppose -5*m - 15 = -3*r - 2*r, 3*m = -t*r + 9. Suppose 3*n - 8 = 5*k + 78, -3*n - r*k = -54. What are the prime factors of n?
2, 11
Suppose b - 7927 = -t, 2*t - 9842 - 6024 = b. What are the prime factors of t?
7, 11, 103
Suppose 4*t = 267 + 881. Let l(a) = 4*a + 177. Let o be l(-41). What are the prime factors of t/6 + ((-52)/(-24))/o?
2, 3
Let a = 683 - 573. Let i = a + 59. List the prime factors of i.
13
Let q(p) be the first derivative of 23*p**3 - 5*p**2/2 - 52. What are the prime factors of q(2)?
2, 7, 19
What are the prime factors of (20270/6)/((-6)/(-18))?
5, 2027
Suppose -o - 158 = 2*h, -5*h + h + o = 322. List the prime factors of 5294/16 + (-10)/h.
331
Let h(k) = -k**3 - 13*k**2 + 2*k + 1. Let o be h(-17). Let w = -719 + o. List the prime factors of w.
2, 101
List the prime factors of 3154256/160 + 2*1/(-20).
2, 9857
Suppose 0 = -11*f + 36592 + 17077. List the prime factors of f.
7, 17, 41
Suppose 3*w + 5*i = 79964, -4*i = w - 8680 - 17984. List the prime factors of w.
2, 3331
Let p(i) be the second derivative of i**5/20 + 2*i**4/3 - 3*i**3/2 + i**2 + 99*i. Suppose -7 - 38 = 5*y. What are the prime factors of p(y)?
2
Let v(b) = b**2 + 1. Let i be v(-1). List the prime factors of i/(-6)*(-2612 - -2).
2, 3, 5, 29
Suppose 22*m - 25*m = -78. Let h(r) = -r**3 + 26*r**2 + 33*r - 91. List the prime factors of h(m).
13, 59
Suppose -5*v - 2560 = -5*z, 20*v - 18*v - 1016 = -2*z. Let l = 1167 - z. What are the prime factors of l?
3, 73
Let v(d) = 17*d + 2. Let p be v(-6). Suppose 388 = z + z + 2*u, -5*z - 4*u = -971. Let j = z + p. What are the prime factors of j?
5, 19
Suppose -2*h - 3086 + 664 = 0. Let o = h - -1755. List the prime factors of o.
2, 17
Let i = -58 + 60. Suppose z - a - 676 = 45, z - 733 = -i*a. What are the prime factors of z?
5, 29
Let x(l) = 23*l - 64. Let g be x(-11). Let o = -223 - g. What are the prime factors of o?
2, 47
Let x(k) = 5*k**2 - 2*k - 29. Let u be x(-8). What are the prime factors of u/5 - 3/(-60)*-8?
61
Let c = -1 + 3. Suppose -13 = c*z + 41. Let b = z - -61. List the prime factors of b.
2, 17
Let l be (-8)/((-168)/9) + 2178/14. Suppose -l = -12*g + 10*g. List the prime factors of g.
2, 3, 13
Let c(s) = s**3 - 71*s**2 + 989*s - 25. Let r be c(19). Let p(i) = -7*i + i**3 + 5 + 2 - 4 + 7*i**2. List the prime factors of p(r).
3
Suppose 193*v - 197*v + 86086 = 3*d, 4*d - 5*v - 114802 = 0. What are the prime factors of d?
2, 3, 4783
Let a be 28/126 - 68/(-18). Suppose 3*i = 4*u - 6 + 70, 4*u = -a. List the prime factors of i.
2, 5
Let o be (5 + -6 - -5)*15/12. Suppose 3*b - 13*f = -10*f + 543, o*b + 3*f = 889. List the prime factors of b.
179
Suppose 3*f - 3567 = 2622. List the prime factors of f.
2063
Let h(b) = 888*b - 36. Let w(u) = 1330*u - 54. Let k(o) = 8*h(o) - 5*w(o). List the prime factors of k(2).
2, 5, 89
Let p be (-3)/(2*9/(-30)). Suppose 3*u = -4*z, -7 = -p*u + 13. Let c(d) = -2*d**3 + d**2 - 4*d + 3. List the prime factors of c(z).
2, 3, 13
Let z = 23012 - -4796. List the prime factors of z.
2, 11, 79
Suppose -56*k + 380*k = -517243 + 19930999. List the prime factors of k.
3, 19973
Let f(k) be the third derivative of -7*k**6/40 - k**4/8 + k**3/3 - 35*k**2. Let d be f(1). List the prime factors of (-742)/(-18) - (-1 - d/18).
41
Suppose -4*m - 26124 = -2*v, 5*v + 4*m + 40098 = 105324. List the prime factors of v.
2, 3, 5, 29
Suppose -18*q + 2*q = -32144. Suppose 0 = -4*m + 5*p + 591 + 1003, 5*m - q = -2*p. List the prime factors of m.
401
Let h(o) = 381*o**2 + 798*o + 2403. What are the prime factors of h(-3)?
2, 3, 191
Let z = 168 + -170. What are the prime factors of ((-1896)/(-30))/(z/(-5))?
2, 79
Let v(n) = n**3 + 5*n**2 + 8*n + 4. Let a be v(-2). Suppose a = -13*x + 262 - 54. List the prime factors of x.
2
Let n = 3779 - 3400. List the prime factors of n.
379
Let f = -13 - 14. Let o = -28 - f. What are the prime factors of (-45)/3*(-18 + 3 - o)?
2, 3, 5, 7
Let z = 29 - -41. Let g = -64 - -20. Let a = z + g. What are the prime factors of a?
2, 13
Suppose q + 6*q = 588. Let z be (-6)/(-14) + 216/q. Suppose 0 = 4*h + 5*v - 509, z*v + 4 - 19 = 0. List the prime factors of h.
11
Suppose 0*w + 64 = -3*q - 4*w, 0 = -2*q + 4*w - 56. List the prime factors of (-465)/(-2)*(26 + q).
3, 5, 31
Suppose -3*u - 3 = 0, l - 4*u - 4 = -2*u. Let b be ((-35)/35)/(-1 + 3/l). What are the prime factors of (-1)/(b/(-7) - (-1377)/(-4746))?
2, 113
Suppose -7694*i = -7692*i - 1902. List the prime factors of i.
3, 317
Suppose -645*i + 672*i - 927531 = 0. List the prime factors of i.
3, 11, 347
What are the prime factors of ((-53)/(3975/100))/(2/(-6927))?
2, 2309
Suppose 25 = -15*z + 14*z. Let c = -13 - z. What are the prime factors of c?
2, 3
Let k be 6094/3 - 4/(-6). Suppose -3*f + k = -a, f = -0*f + a + 680. What are the prime factors of f?
2, 13
Suppose f - 5*i = 5130, -3*f - 5*i = f - 20420. Suppose 9*q + f = 7*q. What are the prime factors of (-1)/5 - q/25?
2, 3, 17
Let t(v) = 8*v**3 + 5*v**2 + 3*v - 7. Let y be t(4). Let x = -338 + y. List the prime factors of x.
7, 37
Let o(b) = 519*b**2 - 12*b - 71. List the prime factors of o(-4).
7, 13
Let r be (4 + 2)*(-5 + 3)/(-6). Let d(w) = 88*w**3 - w**2 + 3*w - 1. Let u be d(r). Suppose -2*b -